(0 - 6)?
2
Calculate 18 + -27 - (0 + -3 + -2).
-4
What is the value of -5 - ((-1 - 2 - 2) + -3)?
3
Calculate (1 - 5) + (-27 - -33).
2
Calculate 0 + -4 + 5 + (1 - 6).
-4
Evaluate (17 + -7 - 1) + -4.
5
Evaluate -8 + -7 + 6 + 3.
-6
What is the value of 1 + (3 - (-3 + 7))?
0
3 + (-1 - 1) + (-3 - -11)
9
What is the value of -6 + -2 + 9 + -4 - 2?
-5
What is the value of -2 + -1 - -1 - (26 + -29)?
1
Evaluate -3 - ((2 - 1) + -1).
-3
8 + (-30 - -16) + 0 + 3
-3
What is the value of 14 - 13 - (7 - 1)?
-5
-3 + (1 - (1 - 9) - 3)
3
What is 2 + -5 + (-3 - -2)?
-4
What is -4 + ((-3 - 0) + 6 - 3)?
-4
Evaluate -4 + (1 - -5) + (2 - 1).
3
Calculate (0 - 6) + (5 - 2).
-3
What is -7 - (0 - -1 - (-7 + 12))?
-3
Calculate 6 - ((0 - 2 - -2) + 3).
3
Calculate 1 + 2 + 119 + -122.
0
What is (-10 - -2) + (6 - 3)?
-5
Evaluate 4 - 5 - (2 - 0).
-3
What is the value of 2 + 0 + (7 - 4)?
5
Calculate (-6 + 2 - -5) + -3 - -1.
-1
What is the value of -108 + 111 + 1 + (5 - -2)?
11
(-1 - 1) + 7 + 10 + -12
3
Evaluate 4 - (2 - (1 + -4) - 2).
1
Evaluate -2 + (0 - -3) + -1.
0
Calculate 2 - 9 - ((8 - 15) + 4).
-4
Evaluate 1 + -1 + (-5 + -4 - -6).
-3
Evaluate 0 + 1 + (-2 - -4).
3
Evaluate -2 - (-1 - 1 - (22 + -27)).
-5
0 - (3 - (-2 + 3) - 8)
6
Evaluate (3 - -5) + 1 + 1.
10
3 + 9 + -7 - 7
-2
What is (-4 - (-7 + (5 - 0))) + 1?
-1
3 + -4 + (6 - 2) - 6
-3
What is the value of 3 + (-3 - -4) - (10 - 8)?
2
Evaluate -2 + 5 + -3 + (4 - -1).
5
Evaluate -10 - (-5 + -7 - 3).
5
Calculate (-1 + 4 - 7) + 7.
3
What is -1 + 0 - (-105 - -97)?
7
-5 - (-4 + (2 - -4) + -5)
-2
Evaluate (7 - (5 + 2) - 2) + -6.
-8
What is the value of -5 + 6 - (10 - 3)?
-6
What is the value of 13 + -16 + 5 + 2?
4
-5 + 11 + -7 - -3
2
Evaluate -7 - (0 - 2 - 2).
-3
What is the value of 11 + 10 + -17 + (1 - 2)?
3
Evaluate (14 - 8) + -10 - -9.
5
What is -1 - (0 + -4) - (-2 + 4)?
1
4 - -1 - (2 - 0)
3
Calculate 6 - (12 + (10 - 8)).
-8
What is -29 + 27 + (5 - (-2 + 3))?
2
3 + 0 + 0 - (1 + 0)
2
What is -2 + 5 - (4 + 0)?
-1
What is the value of -4 + (-4 - -4 - -6) - 3?
-1
(8 - 12 - -3) + 7
6
Calculate 6 + -5 + 2 + (-1 - 1).
1
Evaluate -3 + (9 - 5 - -5).
6
Evaluate -3 + 3 + 2 + -3 - -2.
1
Calculate (-6 - -8 - (-1 - -6)) + -6.
-9
What is the value of -13 + (12 - 13) + 7?
-7
Evaluate 2 + (-7 - (1 + -4)).
-2
Calculate 13 - (2 - -16) - (1 - 1).
-5
Evaluate -2 - (1 - (3 + 8 + -12)).
-4
What is -25 + 26 + -6 + 1?
-4
Evaluate 0 + (0 - (-3 + (-3 - -1))).
5
Calculate -11 + (24 - 5) + (3 - 3).
8
Evaluate -4 + (-1 - 3) + 7 + 1.
0
What is 1 + (1 - (1 + 1) - 2)?
-2
Evaluate -7 - 0 - (22 + -12 - 15).
-2
What is the value of 6 + -2 + -9 + 5 + -7?
-7
-4 + (1 - -4 - (19 - 17))
-1
What is -2 + (-10 - -3) + 6 + 1?
-2
2 - (9 - 0 - 5)
-2
What is -3 - (-8 - (-6 + 1)) - -5?
5
Evaluate -1 + 0 + 0 + 4 + 2.
5
What is -3 + -1 + 3 + 1 + 0?
0
(-12 - -9) + (4 - (-1 + -1))
3
Evaluate -2 - (-3 + (4 - 3)).
0
Calculate (2 - (4 - -1)) + 3.
0
(-7 - (-3 - -3)) + 3
-4
What is the value of 0 + -5 + 1 - (19 + -27)?
4
Calculate (1 - 2) + 3 + 45 + -38.
9
Calculate -1 - -6 - (-2 + -1 - -12).
-4
What is the value of -12 + -1 + -61 + 70?
-4
(20 - 17) + -11 + -1
-9
What is -2 + (-3 - (11 + -7 - 12))?
3
(2 - (0 + 2)) + -2
-2
Evaluate (-4 - -3) + 14 + -6 + -12.
-5
Evaluate -1 - 0 - (-3 - 0) - -1.
3
What is the value of -13 - -22 - (1 - 1 - -4)?
5
Evaluate 4 + (-2 + 1 - 5) - 6.
-8
Calculate 0 + (-3 - (-8 - (0 + -2))).
3
0 + 4 - (-60 - -67)
-3
What is -3 + 2 - (-15 + 18)?
-4
-4 + 5 + -3 - 3
-5
-2 + (4 - (-2 + 7)) + 0
-3
Calculate -3 + -3 + (-3 - -8).
-1
What is -4 + (16 + -7 - 7)?
-2
What is -4 + -2 + 2 - (-33 - -29)?
0
What is -14 + 16 + 1 + (0 - 4)?
-1
What is 2 - (2 + 10 + -6)?
-4
What is the value of -1 + 3 + (0 - 2 - 4)?
-4
Evaluate 4 - 2 - -2 - (258 - 260).
6
What is the value of 8 + (-6 + 2 - (-1 + 2))?
3
Evaluate 2 + (2 - 3) - -4.
5
7 - (5 - 0) - 8 - -7
1
What is 1 + -10 + 7 - -5?
3
Evaluate (-12 - 1) + 4 + -2.
-11
Evaluate -1 + 6 + -2 + -7 + 4.
0
(0 - 3) + 7 - (-1 - 1)
6
What is (2 - -1) + 8 + -6?
5
Calculate 5 - 1 - (7 - -1) - -2.
-2
Evaluate 5 + 10 + -9 + 2 + 2.
10
What is -10 + (23 - 8) - -2?
7
What is -4 + -2 + 6 + -5?
-5
Evaluate -8 + (-1 - -5) - (-7 + 4).
-1
Evaluate (7 - 1) + -3 + 1.
4
Evaluate (-7 - -9) + -3 + 0.
-1
Calculate -1 + -1 - (-2 + (0 - 2)).
2
What is the value of 3 + -3 + 3 - 0?
3
(12 - (4 + 4)) + 1
5
What is -9 - -8 - (2 + -4)?
1
What is (11 - -2) + -12 + 3?
4
-7 + -3 + 7 + 8 - 3
2
What is the value of (-3 - (-1 - 2)) + 2 + -6?
-4
Calculate 2 - (-2 + 4 + 2).
-2
Calculate -6 + (0 + 5 - (1 + 4)).
-6
Calculate 21 - (5 + 3) - 9.
4
Calculate (10 - 4 - 5) + 1.
2
What is the value of (-5 - -1) + 0 + -1?
-5
2 + 3 + -5 - (-1 - -1)
0
What is -1 + (-5 - (1 - (-2 + 14)))?
5
4 + -3 + 4 + -10
-5
What is the value of -15 - (13 + -24) - (-1 - 5)?
2
Calculate -3 + (0 - ((4 - 5) + 1)).
-3
(-13 - -1 - (23 + -27)) + 5
-3
Evaluate -2 + 2 - (3 + -1 + 1).
-3
1 + (2 - -5) - 9
-1
-3 + 1 - (-5 + (7 - 1))
-3
What is the value of (5 - (-5 + 10)) + -4?
-4
Evaluate (-4 - (-2 - -1)) + (4 - 0).
1
What is the value of 1 + -3 - (-3 + 4)?
-3
(0 - -5) + (15 - 14)
6
What is the value of -20 + 17 + (2 - -1)?
0
Evaluate 20 - ((-13 - -16) + 6).
11
Evaluate 0 + 3 + (2 - (3 + 2)).
0
Evaluate 18 + -7 + 7 + -11.
7
What is -1 + 2 + 0 + 0?
1
-3 + -3 + -1 - -3
-4
What is 0 - ((5 - 7) + 8)?
-6
Evaluate 3 + -1 + -7 + -11 + 17.
1
What is 10 - 13 - (-8 - -6)?
-1
What is the value of (5 - 7) + (1 - -7) - 2?
4
Evaluate 1 - (-3 + 6 - 2).
0
What is (-27 - -25) + (0 - -2 - 1)?
-1
Calculate -3 + (-1 - 0) + -36 + 37.
-3
What is -4 - (0 + (-1 + 2 - 5))?
0
Evaluate -4 - (15 - (8 - -16)).
5
(-9 - (-6 + 0)) + 2 + -6
-7
-6 + 2 + (5 - -2)
3
Evaluate -2 - 6 - (-4 + 5 - 4).
-5
What is the value of 5 - (-1 + 4) - (-2 - 1)?
5
Evaluate (2 - 4) + (0 - -5).
3
What is the value of 5 + 3 + 6 + -8?
6
What is -2 - -4 - 1 - (16 - 19)?
4
Evaluate (22 + -11 - (-4 - -6)) + -6.
3
Calculate -26 - -19 - (0 - -1).
-8
0 - 4 - -2 - -3 - -6
7
What is -4 - 2 - (-5 - -6)?
-7
Calculate 21 - 26 - ((0 - 2) + 0).
-3
What is 30 + -36 - (-11 + 2)?
3
Calculate 1 - ((4 - 2) + (-6 - -7)).
-2
Evaluate -5 + -6 + (-2 - (1 - 8)).
-6
2 - (5 + -4) - 1
0
What is the value of (6 - 5 - 8) + 32 + -20?
5
Calculate -2 - 1 - -2 - (4 - 1).
-4
What is the value of -3 + -3 - -20 - 9?
5
What is the value of 2 + (0 - 1) + 1?
2
What is -4 + 1 - -1 - -3?
1
-26 + 38 + 6 + -11
7
-32 - -30 - (0 - (-1 + 0))
-3
What is the value of 1 - (-1 - -7) - (0 + -2)?
-3
(-6 + 2 - -13) + -16
-7
Calculate (6 - -1 - -1) + 62 + -66.
4
Calculate 8 - -7 - (-5 - -2) - 9.
9
What is 7 + (-11 - (7 - 11 - -4))?
-4
(12 - 7) + (-23 - -12)
-6
14 + -17 + (5 - -4)
6
What is -15 + 7 + 6 + (9 - -2)?
9
Evaluate -6 + (-6 - -12) + -6.
-6
Calculate (0 - (1 - -3)) + 8 - -2.
6
What is 6 + 9 + -3 + -4?
8
What is -3 + (5 - (2 - 2))?
2
-4 + -1 + (1 - 6) + 11
1
What is -28 + 8 + 5 + 7?
-8
What is (5 - -1 - 3) + -5?
-2
Evaluate 1 - (-4 + 4 + -5 + 2).
4
-10 - -4 - -2 - (-6 - -1)
1
Calculate -1 - -1 - (12 - 12).
0
144 + -141 - ((1 - 1) + 1)
2
What is 1 + 4 + (2 + -1 - 9)?
-3
Calculate (3 + -2 - 6) + (19 - 15).
-1
6 + 3 - (-17 + 21)
5
Calculate 2 + -6 + (4 - (4 - 0)).
-4
What is 2 + (3 - (9 + -4) - -4)?
4
Calculate -6 - (4 - (6 + 4)).
0
Evaluate 3 + -4 + (-3 - -6).
2
What is -1 - -3 - (-1 - 3) - 3?
3
What is 7 + -6 + 3 + -1 + -8?
-5
Calculate -16 - -2 - (-22 - -15).
-7
(-2 - (-5 - -2)) + 0 + -2
-1
Calculate -19 + 24 + 5 + -6.
4
What is (-3 - 0) + 0 + 3 + 2?
2
What is -1 - (3 + -1) - (10 - 14)?
1
What is (3 - 1) + 6 + -3 + -5?
0
Calculate (7 - (3 + -1)) + (-1 - 3).
1
Evaluate -10 + 5 + 6 + 0.
1
What is the value of -4 - (0 + 4 + -10)?
2
Evaluate 0 + -2 - 2 - (1 - 4).
-1
Evaluate -2 + (8 - -3) - (13 - 13).
9
Calculate -1 + 3 - (134 + -129).
-3
Calculate -3 - (-6 + (-4 - -5)).
2
What is the value of 2 - 2 - 3 - 2?
-5
Evaluate (2 + -4 - -1) + -2.
-3
What is the value of -2 + 8 + -1 + 0 + -8?
-3
What is the value of -4 - (-8 + 7) - (1 - 1)?
-3
Calculate 3 + 4 + 1 + -2.
6
Evaluate 9 + (6 + -4 - 10).
1
Evaluate (3 - 3) + -2 + -1.
-3
Calculate (-6 + 26 - 12) + 0.
8
-25 + 2 + 6 - -8
-9
(-1 - 0) + (-6 - -5) + -4
-6
-5 - (-1 + 3 - 4)
-3
Calculate -2 + (-9 - (2 - 8)).
-5
Calculate 1 + 3 + 1 + -2.
3
Evaluate 7 + -3 + -4 + 1.
1
What is the value of -5 + 1 - 3 - (-10 + 6)?
-3
What is the value of -2 - (-7 - -5) - 1?
-1
Evaluate -2 